w) = -5 + 66*w - 67*w + f. What is o(t)?
1
Let z(o) = o**2 - 2. Let f(w) = w**3 - w**2 - w + 13. Let r be f(0). Suppose 5*p + k - 73 = 0, -2*p - k + 32 = -2*k. Let j = r - p. Determine z(j).
2
Let m(p) be the third derivative of -p**5/60 + 11*p**4/24 - 11*p**3/3 - 5963*p**2 - 2*p. Determine m(8).
2
Suppose -t + j - 4 = 0, 2*t + 28 = -j - j. Let i be 39/9 + (-18)/(-27) + t. Let g(c) = -c**3 - 4*c**2 + 2*c + 1. Calculate g(i).
-7
Suppose 14 - 8 = -3*g. Let n(s) = 42*s + 24. Let c(i) = -23*i - 13. Let r(u) = 7*c(u) + 4*n(u). Determine r(g).
-9
Suppose 18*t = 5*k + 21*t + 3580, 5*k + 3570 = -t. Let n = k + 710. Let g(s) be the second derivative of s**3/6 + 2*s**2 + s. What is g(n)?
1
Suppose -4*b - 19*w + 36 = -15*w, 5*b + 3*w = 25. Let l(p) = 1 + 2 + 5*p - p. Determine l(b).
-1
Suppose -8 = t - k - 2, 2 = 3*t + k. Let g(x) = x + 1. Let y(d) = d**2 - 13*d + 13. Let s(v) = t*g(v) - y(v). What is s(10)?
6
Let m(d) = 20*d + 20. Let l(k) = -62*k - 44. Let p(x) = -3*l(x) - 8*m(x). Give p(1).
-2
Let a(k) = k**2 - 6*k - 2. Suppose 4*o = -9*d + 4*d + 28, -4*d = -2*o - 12. Let s(w) = -w + 37*w**2 - 36*w**o - 3 - 7*w. Let p be s(9). Determine a(p).
-2
Let m(x) = -x**2 + 37*x + 118. Let g be m(-3). Let y(t) = 9*t**2 - 5*t - 9. Give y(g).
37
Let z be (-24)/(-6)*(-2)/(8/(-34)). Let m(g) = -10*g + 348. What is m(z)?
8
Let k(p) be the third derivative of p**4/12 - 2*p**3/3 - 2*p**2 - 116*p. What is k(-8)?
-20
Let s = -1 + 3. Let g(l) = l**2 - 39*l + 112. Let c be g(36). Suppose -9 = x - s*v, c*x - 2*v + 12 = -0*x. Let f(h) = 11*h**2 + h + 1. Give f(x).
11
Let v(s) = 12 - 6 + 10 - 5*s + 11 - 38. What is v(-3)?
4
Let a = -217 - -225. Suppose 70 + 2 = -a*h. Let c(v) = -2*v + 4. What is c(h)?
22
Suppose -381*m - 144 = -397*m. Let u(j) = -m*j + 0*j**3 - j**3 + 130 + 13*j**2 - 3*j - 126. Determine u(12).
4
Let d(w) be the third derivative of -w**4/24 - 2*w**3/3 + 491*w**2. Determine d(7).
-11
Suppose 433 = 33*c + 136. Let x(k) = 2*k**2 - 5*k - k**3 + 7 - c*k**2 - 3*k**2 + 3*k**2. Determine x(-5).
-18
Let f(d) be the third derivative of d**6/72 + d**5/120 + d**4/24 - 11*d**3/6 - 25*d**2. Let n(c) be the first derivative of f(c). Determine n(-1).
5
Let d(b) be the second derivative of 1/12*b**4 + 1/6*b**3 - 14*b + 7/2*b**2 + 3. What is d(0)?
7
Let a = 481 - 485. Let w(v) = 6*v + 9. Let n(x) = -4*x - 6. Let q(d) = a*n(d) - 3*w(d). Let i = 0 - 5. Calculate q(i).
7
Let r(n) = -20*n**2 - 35*n + 161. Let z(k) = -7*k**2 - 12*k + 48. Let h(t) = -2*r(t) + 7*z(t). What is h(1)?
-9
Let h(p) = 8*p + 4. Let n(f) = -7*f - 3. Suppose 12*c = 5 + 43. Let g(z) = c*h(z) + 5*n(z). Calculate g(3).
-8
Let k(f) = -f - 13. Let r(c) be the first derivative of -3*c**4/4 + 4*c**3/3 - c**2 + c - 52. Let z be r(2). Calculate k(z).
-2
Suppose -3*m - 2 = -4*u + 10, 20 = -2*u - 5*m. Let o be (u*1/4)/4 - -2. Let y(p) = 12*p - 8*p + p**3 - o - 9*p**2 - 14*p. What is y(10)?
-2
Let f(t) = t**2 - 6*t + 3. Let n be (-2 - -4)/(13/(1352/16)). Suppose 25 = -5*i, -6 = -3*b - 5*i - n. Calculate f(b).
3
Let i(n) = -5*n**3 - 133 + 6*n**3 + 7*n**2 + 135 - 6*n. Suppose -4*s - 16 = -4*c, -17*c - 4 = -16*c. What is i(s)?
-14
Let k(f) = -4*f**3 - 18 + 3*f**3 + 3*f + 5*f**3 - 3*f**3 + 7*f**2 - f. Determine k(-6).
6
Let f(s) = -2*s + 1. Let r(h) = 33*h - 433. Let w be r(13). What is f(w)?
9
Let c(a) be the second derivative of a**4/12 + 2*a**3/3 + a**2 + a. Let w be 1 - -8 - (61 - 54). Let m(s) = -s**2 + s. Let b(l) = w*m(l) + c(l). What is b(6)?
2
Let h(k) = -13*k**2 - 494*k + 2. Let x be h(-38). Let w(y) be the first derivative of -1/3*y**3 + 3/2*y**x + 2*y + 5. Determine w(5).
-8
Suppose 4*y + 22 = -2. Let q(x) = -2*x**2 + 3*x + 3. Let v be q(0). Let j(a) = -v*a - 5 + 4*a + 0*a - 2. Calculate j(y).
-13
Let s(z) = z + 6. Let l(o) = 27*o + 24. Let u be l(-2). Let y be ((-1)/2)/(u/(-540)). Determine s(y).
-3
Let q = 9646/3 + -3215. Let l(i) be the second derivative of 19*i + 2*i**2 + 0 - q*i**3. What is l(6)?
-8
Let c(t) be the first derivative of -9*t**5/20 + t**4/12 + t**3/6 - 5*t**2/2 + 4*t + 233. Let f(m) be the second derivative of c(m). What is f(-1)?
-28
Let u(b) = 5*b**2 - 9*b - 3. Let l = 27 + -23. Let i(q) = 5 + 8*q**2 + 5*q - 9 - 15*q - 2*q**2. Let j(o) = l*i(o) - 5*u(o). Give j(5).
-1
Let a(i) = 133*i - 87. Let h(q) = -32*q + 21. Let b(g) = 6*a(g) + 25*h(g). Give b(-3).
9
Let h(r) = -14*r - 123. Let g(o) = -o + 21. Let z(v) = 6*g(v) + h(v). Determine z(1).
-17
Let x(k) = k**3 + 7*k**2 + 7*k + 4. Let t(g) = 2*g**2 - 5. Suppose -19 = -3*l - 7. Suppose -2*z + 12 = -5*z, -l = -i + z. Let c be t(i). Determine x(c).
19
Suppose -4*v + 20 = -0. Suppose -z + 9 = -4*y - 2, -4*z + v*y = -22. Suppose -z*x = d - 5*d + 17, -5*x - 4*d = 39. Let i(q) = -q**2 - 7*q - 4. Calculate i(x).
-4
Let i(m) be the first derivative of -11*m**3/3 - 2*m**2 - 5*m + 991. Calculate i(-1).
-12
Let n(w) = -6*w - 2. Let r(h) = -12. Let c(u) = -3*n(u) - r(u). Give c(-4).
-54
Let q(k) = 5*k - 3. Suppose 6*z + 3*x + 3 = 5*z, 12 = 2*z - 3*x. Suppose c + d - 6 = -0*c, -z*c + 2*d = -3. Give q(c).
12
Let w(v) = 0*v**2 - 123685*v**3 - v**2 + v**2 + 1 + 123678*v**3. Calculate w(2).
-55
Let g(i) = i**3 - 6*i**2 - 11*i + 2. Let f(c) = -c + 1. Suppose 75 = -37*n + 260. Let v(t) = n*f(t) - g(t). Give v(7).
-4
Let o(l) = 11*l**2 - 10*l**2 - l - l**3 + 0*l. Let w = 170 - 154. Suppose -8 = -4*j + 2*f, -3*f = f + w. Determine o(j).
0
Let o(r) = 6*r - 14. Suppose 0 = -3*b - 3*k + 33, 15*b + 11*k = 12*b + 33. Calculate o(b).
52
Let d = -11450 - -11454. Let s(n) = n**3 + 5*n**2 - n - 7. Give s(d).
133
Let t be 2/(-48)*-2 + 20923/(-5124). Let q(d) = 44*d - 6. Let n(c) = 9*c - 1. Let i(k) = 14*n(k) - 3*q(k). Determine i(t).
28
Suppose -4*k = -3*z + 17, k - z + 5 = -0. Let u = k - -7. Suppose 4*h + f + 0*f - u = 0, 3*h - 7 = -4*f. Let d(j) = -j**3 + j**2 + j - 1. Determine d(h).
0
Let l(i) = i**2 - 3*i - 4. Let p be l(17). Let a = p - 244. Let s(c) = -c**3 - 10*c**2 + 5. Calculate s(a).
5
Suppose 65*l = 88*l + 119*l. Let c(w) = -w**3 - w**2 - 113. Determine c(l).
-113
Suppose 44 = -62*v + 51*v. Let f(l) = 4 + 0*l**2 - 2 + l**3 + 4*l**2 + 1. Let m be f(v). Let u(k) = -k**3 + 3*k**2 + k + 1. What is u(m)?
4
Let k(l) = -3*l - 9. Let y(n) = -n - 1. Let s(i) = -k(i) + 2*y(i). Let q be s(-7). Let r(m) = 0 - 7 + q*m - m - 2. Calculate r(-4).
-5
Let z = 35 + -11. Let o = 32 - z. Let v(c) = 0*c - 6 - c + o. Calculate v(3).
-1
Let l(f) = f**2 - 182*f + 1224. Let i be l(7). Let b(d) be the first derivative of d**2/2 - 2. Let s(a) = -a. Let y(g) = 2*b(g) + 3*s(g). Determine y(i).
1
Let g(i) = -35*i**3 - 6*i**2 + 22*i - 73. Let k(m) = 19*m**3 + 4*m**2 - 12*m + 37. Let z(w) = 6*g(w) + 11*k(w). Determine z(8).
-31
Suppose -257 = -7*m - 236. Suppose -4*p + 2*a + 24 = 0, 17 = 2*p + 5*a + 5. Let y(x) = 4 + 2*x**2 - 1 - 4*x + p - 6. Give y(m).
9
Let f(w) be the third derivative of -3*w**5/20 + w**4/24 - w**3/2 + 459*w**2 - 2*w. Give f(1).
-11
Suppose -5 = 6*n - 17. Suppose n*y - 567 + 557 = 0. Let p(v) = -v**3 + 4*v**2 + 3*v + 11. Calculate p(y).
1
Let i be 4 - (-5 + (-6 - -7)). Let f(h) = h + 1 + 12*h + i*h - h. Let p be 4/6*3/(-2). Determine f(p).
-19
Let q(t) = -t + 15 - 16 - 33. Let o be ((4 + -4)/(-5))/(-1). What is q(o)?
-34
Let y(c) = -2*c**3 - 4*c**2 - c + 6. Let o(h) = 5*h**3 + 13*h**2 + 3*h - 18. Suppose -3*w - 17*w = -60. Let z(i) = w*o(i) + 8*y(i). What is z(7)?
1
Suppose 0 = 17*s + 15 - 32. Let w(n) = 3*n - 7. Let l(h) = -6*h + 12. Let c(k) = -6*l(k) - 10*w(k). Determine c(s).
4
Let l(k) = 2*k**2 + 72*k + 11. Let j(h) = h**2 + 31*h + 3. Let f(d) = 7*j(d) - 3*l(d). Give f(-5).
8
Let y(r) = -r + 2. Let b(g) = -g. Suppose 5*x - 4*t = -13, -11*t = -x - 7*t - 9. Let k = -5 - -9. Let a(z) = k*b(z) + x*y(z). Give a(-2).
4
Suppose 49*s - 37*s = 564. Suppose 5*i = 3*o - 2 + 3, 5*o + 3*i = -s. Let d(p) be the first derivative of p**2 - 6*p + 7. Determine d(o).
-20
Let j(b) = 16928*b**2 - 2*b - 8466*b**2 - 2 - 8460*b**2. Determine j(4).
22
Suppose 7*l = 2*a + 9*l - 1106, -2*l = -4*a + 2206. Let m = 551 - a. Let q(n) = 10*n**3 + n**2 + 2*n + 1. What is q(m)?
-10
Let q(t) = -t**2 - 13*t - 34. Suppose -4*a = 2*p + 34, 2*a + 28 = -4*p + 8. Determine q(a).
6
Let b(w) be the first derivative of 1/2*w**2 - 19 + 6*w. Let h(p) = 2*p**3 + 2*p**2 - 2*p - 3. Let y be h(-2). Determine b(y).